p**2 + 3*p - 11. Determine y(-5).
-1
Let g(m) = m - 28. What is g(0)?
-28
Let h(d) = d - 29. What is h(15)?
-14
Let t(h) = -2*h + 11. What is t(11)?
-11
Let w(m) = 4*m**2 + m + 2. What is w(2)?
20
Let u(n) = -2*n**3 - 6*n**2 + 7*n + 5. Calculate u(-4).
9
Let s(b) = 3*b + 3. Calculate s(7).
24
Let p(o) = o**3 - 8*o**2 - 8*o + 16. Determine p(8).
-48
Let i(r) = -r**3 - 3*r**2 - 2*r. What is i(-2)?
0
Let s(f) = f**2 - 18*f + 6. Give s(16).
-26
Let m(v) = -v**3 - 8*v**2 + 12*v + 9. Determine m(-7).
-124
Let w(p) = 3*p**2 - 11*p + 4. Calculate w(4).
8
Let k(i) = -i**3 + i**2 + 104*i - 34. Give k(-10).
26
Let a(d) = d**3 - 44*d**2 - 2*d + 94. Determine a(44).
6
Let l(x) = -x**3 + 3*x**2 - 2. Determine l(4).
-18
Let i(o) = -o + 4. Calculate i(4).
0
Let s(g) = -g**2 - g + 1. Give s(4).
-19
Let d(x) = -4*x - 2. Calculate d(5).
-22
Let u(d) = 4*d**2 - 5*d - 2. Determine u(3).
19
Let s(p) = 2*p**3 + p**2 - p. Determine s(1).
2
Let y(g) = g**2 - 3*g - 5. What is y(4)?
-1
Let l(p) = -19*p - 198. Determine l(-10).
-8
Let s(l) = l**3 + 11*l**2 - 11*l + 15. Determine s(-12).
3
Let j(o) = -4*o - 25. Calculate j(-5).
-5
Let f(m) = 2*m**2 + 31*m + 111. Give f(-4).
19
Let l(i) = -i**2 - 7*i - 5. Calculate l(-3).
7
Let i(n) = -2*n + 3. What is i(-1)?
5
Let w(q) = q**3 - 21*q**2 - 48*q + 48. Calculate w(23).
2
Let d(a) = a**3 - 50*a**2 - 101*a - 144. Calculate d(52).
12
Let u(d) = -d**3 + 63*d**2 + d - 68. Determine u(63).
-5
Let h(z) = -76*z**3 + z - 1. Determine h(1).
-76
Let c(a) = -a**2 - 6*a - 12. Determine c(-6).
-12
Let o(w) = -5*w**2 - 26*w. Calculate o(-6).
-24
Let p(b) = b - 41. What is p(-16)?
-57
Let w(n) = -n**2 - 2*n + 32. What is w(-5)?
17
Let d(r) = 19*r + 14. Calculate d(-4).
-62
Let g(r) = -5*r**3 - 3*r**2 + 5*r + 5. What is g(-2)?
23
Let b(s) = -s**2 + 16*s - 38. Determine b(10).
22
Let p(l) = -2*l - 3. Give p(-7).
11
Let o(j) = j**2 + 22*j + 2. Give o(-22).
2
Let h(b) = -6*b + 4. Give h(3).
-14
Let a(l) = l**3 + 49*l**2 - 102*l + 5. Calculate a(-51).
5
Let q(a) = -a**2 - 5*a - 5. Determine q(-7).
-19
Let v(u) = u**3 + 9*u**2 + 7*u + 7. What is v(-8)?
15
Let d(v) = -v**3 - 6*v**2 + 12*v + 44. Calculate d(-6).
-28
Let g(d) = d + 6. What is g(4)?
10
Let r(p) = -14*p + 9. Determine r(2).
-19
Let s(q) = q**2 + 6*q - 3. Give s(-6).
-3
Let j(a) = 28*a - 299. Calculate j(11).
9
Let w(x) = -6*x - 35. Give w(-6).
1
Let m(c) = 2*c**3 - 8*c**2 + 9*c + 4. What is m(4)?
40
Let i(w) = -2*w - 2. Give i(-2).
2
Let b(j) = -j**3 + 4*j**2 - 2*j + 12. Determine b(4).
4
Let x(k) = -k**2 - 8*k - 9. Give x(-4).
7
Let u(g) = -2*g - 2. What is u(-3)?
4
Let i(p) = -p**2 - 2*p + 12. Calculate i(-5).
-3
Let d(b) = -19*b**3 - b + 1. Give d(1).
-19
Let d(x) = -x**3 - 9*x**2 - 10*x - 13. Determine d(-8).
3
Let q(y) = -y**3 - 3*y**2 + 4*y - 1. What is q(-4)?
-1
Let q(u) = 2*u**2 - 7*u + 11. Calculate q(5).
26
Let v(t) = 8*t + 135. What is v(-12)?
39
Let f(i) = i**3 - 9*i**2 - 3*i - 10. Determine f(9).
-37
Let a(t) = t**3 - 8*t**2 - 9*t + 13. Calculate a(9).
13
Let j(i) = 2*i**3 - 5*i**2 - i. Give j(4).
44
Let t(o) = o**2 + 26*o - 33. Give t(-27).
-6
Let z(i) = -6*i**2 + 38*i + 24. Calculate z(7).
-4
Let f(d) = 21*d + 141. Give f(-7).
-6
Let v(i) = -14*i - 15. What is v(-3)?
27
Let m(j) = j**2 - 16*j - 38. Determine m(18).
-2
Let q(f) = -2*f**3 - 16*f**2 - 11*f + 8. What is q(-7)?
-13
Let b(o) = -o**3 + 7*o**2 - o + 2. Calculate b(7).
-5
Let z(n) = n - 4. Calculate z(-15).
-19
Let t(d) = -33*d - 139. Calculate t(-5).
26
Let f(o) = o**3 - 5*o**2 + 5. What is f(3)?
-13
Let l(y) = -y**3 - y**2 - y - 1. Calculate l(-1).
0
Let b(x) = -3*x + 8. What is b(4)?
-4
Let o(i) = i**2 + 6*i - 1. What is o(-1)?
-6
Let i(k) = 3*k**2 + 3*k + 5. Determine i(-4).
41
Let o(x) = x**3 + x - 1. Determine o(-2).
-11
Let c(q) = q**3 + 2*q**2 - 2*q. Determine c(-3).
-3
Let j(m) = m**3 - 10*m**2 - 7*m - 7. Determine j(11).
37
Let i(k) = k**2 + 7*k - 6. Give i(-7).
-6
Let a(i) = i - 6. Give a(7).
1
Let n(p) = 9*p - 204. Calculate n(22).
-6
Let q(o) = o**3 + 7*o**2 + 4*o - 4. Calculate q(-4).
28
Let w(p) = p**2 + 15*p - 3. Determine w(-19).
73
Let c(g) = 3*g + 6. What is c(-4)?
-6
Let q(j) = j**3 - 2*j**2 - 9*j + 9. What is q(2)?
-9
Let q(l) = l**2 + l - 59. Determine q(-8).
-3
Let z(a) = a**3 - 21*a**2 - 74*a + 6. Give z(24).
-42
Let n(v) = -6*v**2 - 11*v + 1. What is n(-3)?
-20
Let x(s) = -3*s**2 + 147*s + 153. Determine x(50).
3
Let c(s) = -3*s - 25. What is c(-17)?
26
Let o(c) = 4*c - 3. Give o(4).
13
Let u(s) = -2*s - 8. Give u(-4).
0
Let q(r) = 2*r**2 + 2*r + 2. What is q(3)?
26
Let v(w) = w**3 + 6*w**2 + 4*w - 7. What is v(-5)?
-2
Let h(j) = 3*j + 9. Determine h(-16).
-39
Let d(g) = g**2 - 23*g + 138. Determine d(14).
12
Let k(a) = 2*a + 49. Determine k(-29).
-9
Let n(w) = -w**2 - 10*w - 6. Give n(-12).
-30
Let n(v) = 7*v**2 - 2*v + 1. Calculate n(1).
6
Let a(z) = 15*z - 55. What is a(3)?
-10
Let t(h) = h**2 - 2*h - 8. Calculate t(-5).
27
Let z(g) = 4*g + 2. Determine z(2).
10
Let k(m) = -48*m + 1672. Calculate k(35).
-8
Let p(x) = x**2 - 7*x - 28. Determine p(-3).
2
Let n(l) = -12*l - 90. Give n(-9).
18
Let p(q) = 10*q + 134. Calculate p(-10).
34
Let y(r) = r**3 + 12*r**2 - 2*r - 8. Determine y(-12).
16
Let k(j) = -2*j - 19. Calculate k(5).
-29
Let j(z) = 17*z + 246. What is j(-11)?
59
Let w(p) = -59*p**2 - p - 1. Give w(-1).
-59
Let n(l) = l**3 + 3*l**2 - 1. Determine n(2).
19
Let h(w) = -w**2 + 10*w - 22. Calculate h(4).
2
Let w(l) = l**3 + 45*l**2 - 46*l + 28. Give w(-46).
28
Let n(l) = -12*l + 3. Calculate n(7).
-81
Let s(d) = -d**2 + 15*d + 15. Calculate s(16).
-1
Let i(b) = 57*b + 85. Determine i(-2).
-29
Let j(o) = 4*o + 5. What is j(2)?
13
Let y(w) = -2*w**2 + 22*w + 36. What is y(12)?
12
Let m(b) = -7*b**3 - b - 1. Give m(-2).
57
Let u(b) = b**2 - 66*b + 1094. Calculate u(33).
5
Let f(a) = -2*a**3 - a**2 + 4*a - 8. Calculate f(-3).
25
Let f(r) = 17*r + 63. What is f(-4)?
-5
Let k(q) = -11*q**3 + q**2 - 2*q - 2. Calculate k(-1).
12
Let g(j) = 4*j + 28. What is g(-6)?
4
Let c(h) = -14*h - 43. Determine c(-4).
13
Let i(f) = 2*f - 9. Determine i(8).
7
Let x(i) = -i**3 + 18*i**2 - 6*i + 14. Determine x(18).
-94
Let h(o) = -53*o - 108. Calculate h(-2).
-2
Let p(y) = y**3 - 11*y**2 - 34. What is p(11)?
-34
Let w(c) = 13*c - 5. Calculate w(2).
21
Let o(f) = f**3 - 7*f**2 + f + 4. Give o(5).
-41
Let m(w) = -w**2 - 9*w - 8. Determine m(-7).
6
Let r(a) = 11*a**2 + 103*a + 29. What is r(-9)?
-7
Let l(u) = -20*u + 3. Calculate l(3).
-57
Let j(l) = -l + 8. Determine j(6).
2
Let d(u) = -u**3 + 4*u**2 + 4*u + 10. Calculate d(5).
5
Let u(g) = -3*g**3 + 24*g**2 - 13*g + 26. What is u(8)?
-78
Let d(u) = -16*u**2 + u + 2. Determine d(-1).
-15
Let t(z) = 13*z + 202. Calculate t(-15).
7
Let d(r) = r**2 - 3*r - 4. What is d(-5)?
36
Let y(m) = 5*m - 6. Calculate y(5).
19
Let b(k) = k**2 - 9*k + 1. Determine b(10).
11
Let c(k) = -k**3 - 4*k**2 - k + 3. What is c(-3)?
-3
Let f(a) = -31*a - 4. Calculate f(1).
-35
Let a(m) = -62*m - 1856. What is a(-30)?
4
Let a(y) = -88*y**3 + 2*y**2 + 3*y + 2. Determine a(-1).
89
Let g(s) = -2*s**2 + 32*s + 39. What is g(17)?
5
Let s(r) = -3*r**2 - 29*r - 20. Give s(-9).
-2
Let w(s) = 2*s**3 - s**2 - 2*s - 1. What is w(2)?
7
Let o(c) = c + 33. What is o(0)?
33
Let a(d) = -d**3 - 8*d**2 - 4*d + 5. What is a(-6)?
-43
Let s(o) = -29*o + 20. Determine s(1).
-9
Let w(a) = -44*a**2 + 6*a + 1. Calculate w(-1).
-49
Let t(z) = 5*z - 46. Calculate t(11).
9
Let b(d) = d**2 - 7*d + 9. Calculate b(3).
-3
Let u(c) = -2*c**2 + 1. Calculate u(-5).
-49
Let k(o) = o**2 - 21*o + 99. Determine k(13).
-5
Let j(r) = 3*r + 7. What is j(-5)?
-8
Let t(y) = -2*y**2 - 5*y - 4. Calculate t(-2).
-2
Let i(c) = c**3 + 8*c**2 + 5*c - 7. Calculate i(-7).
7
Let o(z) = z**2 + 2*z - 20. Calculate o(5).
15
Let x(s) = -s**3 + 8*s**2 - 7*s + 9. Give x(6).
39
Let g(q) = q**2 + 4*q + 1. Determine g(-5).
6
Let h(i) = i**3 + i**2 - i + 1. Calculate h(2).
11
Let h(n) = -16*n + 229. What is h(14)?
5
Let z(r) = -r**2 - 5*r - 5. Give z(-11).
-71
Let r(c) = 4*c - 39. Determine r(9).
-3
Let f(c) = -4*c**2 - 18*c - 3. Determine f(-4).
5
Let z(t) = -8*t**2 + 7*t + 4. Determine z(4).
-96
Let x(v) = v**3 - v**2 - 6*v + 5. Calculate x(4).
29
Let a(v) = v**3 - 5*v**2 - 5*v - 6. Give a(6).
0
Let x(d) = -4*d**2 + 5*d + 11. Calculate 